 24*g**2 + 17*g - 7. Is f(h) prime?
False
Let b be 2/7 + 2930/35. Suppose -3*n - k - 76 = 0, -3*n - 2*k = -5*k + b. Let a = 45 - n. Is a prime?
True
Suppose -4*w - 5432 = -4*c, -2*c + 2719 = -53*w + 52*w. Is c a prime number?
True
Suppose 4 = 3*m - 2. Suppose 4*d - m*y = -24, -6 = 2*d - d - 5*y. Let i(r) = -r**3 - 2*r**2 - 5*r + 3. Is i(d) prime?
False
Let r = -163 + 1678. Suppose -2369 = -4*h + r. Is h a prime number?
True
Is -14 - -14 - (4 - 2 - 681) composite?
True
Let i be ((-3)/(-6))/(2/12). Let l(j) = -8*j**2 - 6*j - 5. Let r(f) = -9*f**2 - 6*f - 6. Let n(z) = i*r(z) - 4*l(z). Is n(5) composite?
False
Let a(c) = c + 1. Let q be a(3). Let y be (q + 1)*(0 - -1). Suppose 4*k - 209 = -w + 76, -360 = -y*k - 5*w. Is k composite?
False
Let n(o) = -170*o + 101. Is n(-28) composite?
False
Let c(x) = -x**3 + 41*x**2 + 16*x - 43. Is c(-17) prime?
True
Let m be (-122)/(-14) - -6 - (-4)/14. Is (14 - m)/(2/(-254)) composite?
False
Is ((-38)/(-6) + -6)*4947 a composite number?
True
Let k(l) = -4*l**3 + 5*l**3 - 2*l**3 - 11 + 19*l - 13*l**2. Let u(q) = -3*q**3 - 39*q**2 + 57*q - 32. Let f(z) = 11*k(z) - 4*u(z). Is f(-14) a prime number?
False
Let u(d) = 83*d**2 + 39*d + 23. Is u(-16) a composite number?
True
Suppose 5*i - 9255 - 3205 = -5*m, 0 = -5*i - m + 12440. Is i prime?
False
Suppose -2*j + 43 = -0*j + 3*g, 0 = -3*j + g + 37. Suppose s + 4 = -3*k, 7 = -2*k + s + 1. Is (-85536)/(-77) - k/j composite?
True
Suppose -469 = -t - 7. Suppose -4*q + t + 9310 = 0. Is q prime?
False
Suppose 9*x - 4*x + n - 76976 = 0, 2*n = 4*x - 61578. Is x a composite number?
True
Let r be 1*1803/6*2. Let l = -17 - 165. Let f = r + l. Is f prime?
True
Let r be 196*-314*5/(-40). Suppose -2559 = -n - o, 3*n + 0*n - 5*o = r. Is n a prime number?
False
Let d = 13208 - 7429. Is d a prime number?
True
Let t = 13036 + -7925. Is t composite?
True
Let l = 24281 - 7018. Is l composite?
True
Suppose -4*m + 4*x = -243600, -5*m + 5*x + 121803 = -3*m. Is m prime?
True
Suppose 0 = 4*x + w - 157173, 4*x - 6*w = -8*w + 157174. Is x a composite number?
False
Let w(j) = -4676*j - 71. Is w(-8) composite?
False
Let d be 1101/(-2)*16/(-12). Let h = 1275 - d. Is h a prime number?
True
Let i(r) be the third derivative of 11*r**5/30 + r**4/8 + r**3/3 + 2*r**2. Let f(z) = -z**2 + 14*z - 16. Let m be f(13). Is i(m) prime?
True
Let i(f) be the second derivative of f**3/6 + 5*f**2 - f. Let b be i(-7). Is b - 3/(12/(-40)) composite?
False
Suppose -4*g - 4*k - 4 = -0*k, 15 = 3*k. Let s be 1578/(-9)*g/4. Suppose n = 3*i + s, -4*n = -3*i - i - 1052. Is n a composite number?
False
Let y(c) = -2*c**3 - 4*c**2 - 3*c - 1. Let k be y(-2). Is (-45)/(-18)*62/k a composite number?
False
Let h(s) = -2*s**3 - 10*s**2 - 10*s + 3. Let d = -1 + 10. Let p be (-12)/54 + (-70)/d. Is h(p) composite?
False
Let i = -11348 + 25333. Is i a prime number?
False
Let f = 4 + -10. Let x = f + 13. Suppose -x*t + 10*t - 597 = 0. Is t a composite number?
False
Let b be (818/4)/((-18)/(-36)). Is b + (4 - -3) + -3 a prime number?
False
Suppose -6*y + 0*y + 56346 = 0. Is y composite?
False
Suppose 0 = -0*s - s + o + 215, -2*s + 3*o + 429 = 0. Let p = s + -107. Is p a prime number?
True
Suppose -25*v + 23*v = -14. Suppose -5*o = -2*z - 3841, 3*o = v*o - 3*z - 3077. Is o a composite number?
True
Let t(d) = -d + 377. Let b = 116 + -116. Is t(b) composite?
True
Is ((-6)/5)/(2 - (-595452)/(-297715)) composite?
True
Let q = 5 + 6. Suppose -q*w = -7*w - 1784. Is w prime?
False
Suppose 5*g + 3*q - 3910 = 0, -9*q = g - 6*q - 770. Is g a prime number?
False
Is ((-4)/(-3))/(2/7377) a composite number?
True
Is (4 - (16 + -9)) + 8566*1 a prime number?
True
Is (-15)/40 + 389121/24 prime?
False
Let x = -8 - -5. Let j be x*(-99 + 2) + -1. Is (-1 - (-16)/4) + j a composite number?
False
Let f(a) = a**2 - 15*a - 12. Let r be f(15). Let x = r + 94. Is x a prime number?
False
Let w = -2863 + 783. Let r = 4509 + w. Is r a composite number?
True
Let p(g) = -11*g - 4 + 4*g + 6 + 11*g. Let x be p(-5). Is (-4)/3*2133/x a composite number?
True
Let t(n) = -n - 3. Let g be t(5). Is (-3 - -2)/(g/5752) a composite number?
False
Let b(k) = -k**3 - 6*k**2 - k + 7. Suppose -4 = -2*f - 14. Let x be b(f). Let h(o) = -24*o - 19. Is h(x) a prime number?
True
Suppose 6*k - 3*k = -84. Is 6/(-8) + (-31297)/k prime?
True
Suppose 3*z + b = 13, -b - 7 = 5*z - 28. Let x be (z/(-6))/(13/(-78)). Suppose 3*o + 2*p - 707 = 0, 3*p - x = -p. Is o composite?
True
Suppose 0 = -3*q + 6*q - 225. Suppose -2808 + q = -3*x. Is x a composite number?
False
Let v = -3903 - -8606. Is v prime?
True
Let l be (9/(36/16))/1. Suppose 0*x = -l*x + 1004. Is x composite?
False
Let a(n) = -n**2 + 5*n + 8. Let v be a(6). Suppose -78 - 100 = v*m. Let u = 382 + m. Is u a prime number?
True
Let w = 2243 - 1670. Is w a composite number?
True
Suppose -l = -3*l - 38. Let i = 9 + l. Is (370/4)/(i/(-20)) a composite number?
True
Let r(h) = -h**3 + 10*h**2 + 3. Let j be r(10). Let z be (-3)/(-2*j/20). Is z/65 - (-1935)/13 prime?
True
Is (205/20)/(9/6228) prime?
False
Let u = 351 - 70. Suppose 4*s - u + 73 = -4*b, -5*b + 2*s + 281 = 0. Is b a prime number?
False
Let f = 2182 + 17099. Is f a prime number?
False
Suppose -s + z + 4045 = 0, -2*z = -z. Is s a composite number?
True
Suppose 5*x + 2*u - 55 = -2, -3*u = 3*x - 39. Is (-3)/(x/753)*-1 prime?
True
Let x(d) = 2*d**3 + 36*d**2 + 28*d - 25. Is x(-14) a prime number?
True
Let p = -2574 + 7634. Suppose -5*n + 2270 = -p. Is n composite?
True
Is ((-143)/39)/((-2)/5118) a prime number?
False
Suppose 42*k = 51*k - 13995. Is k a composite number?
True
Suppose 5*w - 7 = 3*t + 20, -3*t - 3 = -w. Let x(h) = h**3 - 7*h**2 - 2. Let a be x(w). Is (a/(-6))/((-12)/(-36)) a composite number?
False
Let y(g) = -517*g + 6. Let z be y(-4). Let m = 2347 + z. Is m a prime number?
True
Let r be 3/(2/2 - 0). Suppose c = -o + 381, 6*c - 2*c - r*o = 1496. Is c a composite number?
True
Suppose 0 = v + 6*v - 21. Is v*1*2/(12/194) prime?
True
Suppose 0 = -4*j + 1778 + 3026. Is j a composite number?
False
Let n(w) = -8*w**2 - 4 - 46*w + 51*w + w**3 + 4*w**2. Let g be n(3). Suppose 4*k + k + 4*c - 911 = 0, -g*k + 374 = 4*c. Is k a composite number?
False
Suppose -3*i - 3*t + 5793 = -i, 5*t - 8692 = -3*i. Suppose -1130 = x - i. Is x prime?
True
Let w(i) = 2*i**3 + 15*i**2 - 20*i + 4. Is w(13) prime?
True
Suppose -24*o + 1996 = -88268. Is o a prime number?
True
Let f(b) = b**3 - 2*b + 1776. Let z be f(0). Suppose 2*o = -z - 2006. Is (2 - o)/3 - 0 prime?
True
Suppose 0 = 2*g - 3*g + 5. Suppose 123 = g*t - 2*t. Let s = 278 - t. Is s prime?
False
Let c be (-6)/(-21) - (-9)/(-7). Is (c - (3 + -893))/1 prime?
False
Suppose 3*w = -4*b + 24, -w + b + 24 = -3*b. Suppose 3*g = -g + w, -2*g = s - 941. Suppose -5*n + 5*k + s = 0, -3*k + 3 = 15. Is n composite?
True
Let v(c) = c**3 + 6*c**2 - 5*c + 6. Let d = 7 + -13. Let a be v(d). Let i = -13 + a. Is i a composite number?
False
Let a = -8976 + 15007. Is a prime?
False
Let i(b) = 2*b**2 - b + 18. Let y be i(0). Suppose 4*m + y - 154 = 0. Is m prime?
False
Suppose -2*l + n - 13 = -4*n, -l + 5*n - 14 = 0. Is (-11)/(44/(-3504)) + l prime?
True
Let v(h) = -253*h + 7. Let z be v(-7). Suppose -2*c + z = -r, 4*c - 2865 = 3*r + 691. Is c composite?
True
Let m = -62 + 68. Let t(c) be the second derivative of c**4/6 - 2*c**3/3 - c**2 + c. Is t(m) composite?
True
Suppose 5*g - 3*i - 1023 = 5791, -1358 = -g - i. Is g composite?
False
Let g = 944 + -159. Suppose 3*d + 2*d = 2*n, 0 = -2*d + 4. Suppose -628 = -6*c + 2*c - 3*x, -2*x = n*c - g. Is c composite?
False
Let o = -5 + 8. Suppose k = i + 138, -4*k = -2*k - o*i - 272. Is k a prime number?
False
Suppose -14*n - 2*i = -9*n + 42, -5*n - 45 = 5*i. Is (1622/n)/(-1*3/12) composite?
False
Is 4487/7 + (-112)/(-14) a composite number?
True
Let v(c) = -c**2 - 29*c - 53. Let l be v(-27). Is 1009*(11 - l - 3) a prime number?
False
Let c = -196 + 407. Is c a composite number?
False
Suppose -1293*p + 1296*p - 90435 = 0. Is p a composite number?
True
Let g(y) = -y**3 + 14*y**2 - 4. Let c be g(14). Is (4 + -3)/(c/(-2456)) composite?
True
Let x(j) = -j**3 - 9*j**2 - 8*j - 10. Suppose -3*f + 10 = -5*f. Let r(o) = o**3 + 6*o**2 + 5*o + 7. Let k(l) = f*x(l) - 7*r(l). Is k(-5) a composite number?
True
Suppose -4*r + 1644 + 972 = f